e factors of 115925?
5, 4637
What are the prime factors of 19912166?
2, 103, 96661
What are the prime factors of 2953678?
2, 7, 13, 16229
List the prime factors of 425449.
59, 7211
What are the prime factors of 2449626?
2, 3, 408271
What are the prime factors of 3680075?
5, 7, 17, 1237
List the prime factors of 457942.
2, 401, 571
What are the prime factors of 303981?
3, 19, 5333
List the prime factors of 6327985.
5, 1265597
List the prime factors of 2840447.
2840447
What are the prime factors of 197106?
2, 3, 7, 13, 19
List the prime factors of 1098511.
1098511
What are the prime factors of 198963?
3, 7369
List the prime factors of 1018367.
7, 2969
What are the prime factors of 560273?
7, 80039
List the prime factors of 84429.
3, 53, 59
List the prime factors of 8049133.
61, 127, 1039
What are the prime factors of 2407588?
2, 601897
What are the prime factors of 911854?
2, 107, 4261
What are the prime factors of 47099?
13, 3623
What are the prime factors of 594720?
2, 3, 5, 7, 59
List the prime factors of 907261.
149, 6089
What are the prime factors of 2004234?
2, 3, 19, 17581
List the prime factors of 672754.
2, 263, 1279
List the prime factors of 1342627.
11, 13, 41, 229
What are the prime factors of 8037944?
2, 1004743
List the prime factors of 700556.
2, 43, 4073
What are the prime factors of 915065?
5, 197, 929
What are the prime factors of 2722661?
2722661
List the prime factors of 11800848.
2, 3, 245851
What are the prime factors of 4918295?
5, 983659
What are the prime factors of 1848624?
2, 3, 19, 2027
What are the prime factors of 1108924?
2, 277231
List the prime factors of 297073.
7, 31, 37
What are the prime factors of 303419?
241, 1259
What are the prime factors of 696056?
2, 167, 521
What are the prime factors of 4643413?
4643413
List the prime factors of 321754.
2, 160877
What are the prime factors of 1993300?
2, 5, 31, 643
What are the prime factors of 612977?
612977
What are the prime factors of 1677568?
2, 6553
List the prime factors of 1326876.
2, 3, 110573
List the prime factors of 2805708.
2, 3, 229, 1021
What are the prime factors of 6290432?
2, 6143
List the prime factors of 5209877.
59, 227, 389
What are the prime factors of 32220752?
2, 41, 49117
What are the prime factors of 8563483?
127, 67429
List the prime factors of 509009.
37, 13757
List the prime factors of 282764.
2, 223, 317
List the prime factors of 4986015.
3, 5, 17, 19553
List the prime factors of 5292958.
2, 11, 240589
List the prime factors of 9765156.
2, 3, 23, 35381
List the prime factors of 205404.
2, 3, 17117
List the prime factors of 779592.
2, 3, 11, 2953
List the prime factors of 3040979.
3040979
What are the prime factors of 11737069?
11737069
What are the prime factors of 4389066?
2, 3, 11, 821
What are the prime factors of 6116371?
6116371
List the prime factors of 2473612.
2, 41, 15083
List the prime factors of 641570.
2, 5, 64157
What are the prime factors of 1134072?
2, 3, 19, 829
List the prime factors of 9769324.
2, 1223, 1997
What are the prime factors of 172737?
3, 17, 1129
What are the prime factors of 388136?
2, 7, 29, 239
What are the prime factors of 22543?
22543
What are the prime factors of 2323251?
3, 7, 36877
List the prime factors of 5819233.
7, 43, 19333
What are the prime factors of 459595?
5, 17, 5407
What are the prime factors of 935276?
2, 73, 3203
What are the prime factors of 222547?
13, 17, 19, 53
What are the prime factors of 4134199?
683, 6053
List the prime factors of 387738.
2, 3, 13, 1657
List the prime factors of 413456.
2, 25841
List the prime factors of 2078905.
5, 41, 10141
What are the prime factors of 237673?
237673
What are the prime factors of 798705?
3, 5, 17749
List the prime factors of 734812.
2, 13, 1087
List the prime factors of 439037.
89, 4933
What are the prime factors of 6370572?
2, 3, 13, 97, 421
What are the prime factors of 1676193?
3, 558731
What are the prime factors of 1842762?
2, 3, 419, 733
List the prime factors of 9056925.
3, 5, 40253
List the prime factors of 127893.
3, 89, 479
List the prime factors of 10980843.
3, 3660281
What are the prime factors of 2253431?
179, 12589
What are the prime factors of 1051867?
811, 1297
What are the prime factors of 12919727?
12919727
What are the prime factors of 6625281?
3, 13, 19, 8941
List the prime factors of 10320920.
2, 5, 258023
List the prime factors of 21288779.
21288779
List the prime factors of 19986818.
2, 9993409
What are the prime factors of 5888259?
3, 13, 59, 853
List the prime factors of 6971543.
6971543
What are the prime factors of 10187372?
2, 13, 409, 479
List the prime factors of 9999359.
1709, 5851
List the prime factors of 3492896.
2, 11, 9923
List the prime factors of 8934811.
787, 11353
List the prime factors of 358507.
191, 1877
What are the prime factors of 2695631?
193, 13967
What are the prime factors of 73800?
2, 3, 5, 41
What are the prime factors of 10485905?
5, 31, 67651
List the prime factors of 934345.
5, 186869
List the prime factors of 31202365.
5, 6240473
List the prime factors of 284395.
5, 23, 2473
List the prime factors of 25625555.
5, 73, 70207
List the prime factors of 178760.
2, 5, 41, 109
What are the prime factors of 402548?
2, 157, 641
List the prime factors of 332305.
5, 41, 1621
What are the prime factors of 1768208?
2, 13, 8501
What are the prime factors of 219897?
3, 53, 461
List the prime factors of 1733406.
2, 3, 251, 1151
List the prime factors of 2108155.
5, 7, 29, 31, 67
What are the prime factors of 153904?
2, 9619
What are the prime factors of 6188656?
2, 23, 67, 251
List the prime factors of 458763.
3, 37, 4133
What are the prime factors of 2659253?
127, 20939
What are the prime factors of 2692522?
2, 7, 192323
List the prime factors of 2568991.
157, 16363
List the prime factors of 5058136.
2, 632267
List the prime factors of 2613584.
2, 379, 431
What are the prime factors of 326144?
2, 7, 13
What are the prime factors of 2683570?
2, 5, 101, 2657
What are the prime factors of 52758?
2, 3, 977
What are the prime factors of 29066?
2, 14533
What are the prime factors of 22967413?
7, 3281059
What are the prime factors of 19306308?
2, 3, 7, 229837
List the prime factors of 540096.
2, 3, 29, 97
List the prime factors of 7023920.
2, 5, 19, 4621
What are the prime factors of 1083025?
5, 43321
What are the prime factors of 8697670?
2, 5, 31, 28057
What are the prime factors of 3384987?
3, 47, 24007
List the prime factors of 49875.
3, 5, 7, 19
List the prime factors of 193253.
149, 1297
What are the prime factors of 663065?
5, 13, 101
What are the prime factors of 2943138?
2, 3, 11, 19, 2347
List the prime factors of 868224.
2, 3, 7, 17, 19
List the prime factors of 430831.
17, 25343
List the prime factors of 311379.
3, 271, 383
List the prime factors of 4088857.
17, 19, 12659
List the prime factors of 619642.
2, 491, 631
List the prime factors of 171700.
2, 5, 17, 101
What are the prime factors of 1782650?
2, 5, 101, 353
List the prime factors of 535330.
2, 5, 17, 47, 67
What are the prime factors of 4019440?
2, 5, 47, 1069
List the prime factors of 2086180.
2, 5, 104309
List the prime factors of 395971.
395971
List the prime factors of 1020653.
229, 4457
What are the prime factors of 275812?
2, 53, 1301
List the prime factors of 470363.
31, 15173
List the prime factors of 4821371.
113, 42667
What are the prime factors of 4520928?
2, 3, 47093
List the prime factors of 10178613.
3, 1130957
List the prime factors of 181639.
181639
What are the prime factors of 2755254?
2, 3, 459209
List the prime factors of 554545.
5, 110909
What are the prime factors of 230830?
2, 5, 41, 563
What are the prime factors of 20183255?
5, 347, 11633
What are the prime factors of 2499465?
3, 5, 166631
List the prime factors of 14591946.
2, 3, 257, 9463
List the prime factors of 1128935.
5, 41, 5507
List the prime factors of 1309075.
5, 52363
What are the prime factors of 233459?
157, 1487
What are the prime factors of 2800518?
2, 3, 7, 131, 509
List the prime factors of 223273.
223273
What are the prime factors of 898114?
2, 7, 64151
List the prime factors of 371798.
2, 7, 26557
List the prime factors of 510464.
2, 997
List the prime factors of 987767.
11, 89797
What are the prime factors of 1998041?
1998041
What are the